2143?
-14331
In base 11, what is 1532 + 20710?
22142
In base 8, what is -25 - -23546775?
23546750
In base 6, what is 4413 + -11502515?
-11454102
In base 3, what is 201211100 - 1001221?
200202102
In base 14, what is 54ac28b + -a?
54ac281
In base 8, what is -7337 + 524121?
514562
In base 14, what is 52 - db1b?
-daa9
In base 10, what is -191 + 12254?
12063
In base 10, what is 471221 + 16?
471237
In base 10, what is 2 + -45584057?
-45584055
In base 14, what is 24dbac52 - -5?
24dbac57
In base 9, what is -1578 - -8430?
6741
In base 8, what is 107 + 124443?
124552
In base 6, what is -12 - -33200?
33144
In base 13, what is 7a - 1c127?
-1c07a
In base 2, what is -11110110011000 - 1001101?
-11110111100101
In base 10, what is 18 - -181594?
181612
In base 12, what is -64bb63 + 2?
-64bb61
In base 15, what is 21 - 31e74?
-31e53
In base 6, what is -341023225443 + -3?
-341023225450
In base 11, what is -9065a69 - 10?
-9065a79
In base 2, what is 1010101100110 + 101110100?
1011011011010
In base 5, what is 12311 + -1044022?
-1031211
In base 12, what is 30 + b9a00?
b9a30
In base 5, what is 3013 + 221342113?
221400131
In base 12, what is -3 - b075227?
-b07522a
In base 16, what is ec - -6e7b?
6f67
In base 15, what is -1db5 - 143a?
-3300
In base 6, what is -205345202 + 221?
-205344541
In base 8, what is 122135 - 102?
122033
In base 4, what is -3223 - -2100303032?
2100233203
In base 3, what is -22011221222220212 + -2?
-22011221222220221
In base 4, what is -3211300 - -12313?
-3132321
In base 5, what is 3322 + 42223110?
42231432
In base 12, what is 1368 - -1195?
2541
In base 10, what is 1702014 - -209?
1702223
In base 10, what is -191492995 - -2?
-191492993
In base 6, what is -4022224 + -1222?
-4023450
In base 16, what is 7b84738 + 4?
7b8473c
In base 15, what is 2 - -345b90?
345b92
In base 13, what is -4 - 1c5960?
-1c5964
In base 2, what is 10101011001100010011110001100 + 1?
10101011001100010011110001101
In base 11, what is -21a6 - -1536?
-770
In base 2, what is 101 - 100011111000011100011100?
-100011111000011100010111
In base 3, what is 0 + -20221122100000?
-20221122100000
In base 15, what is -20 + 3d4974?
3d4954
In base 11, what is -10512a + -2?
-105131
In base 8, what is -54 + -337254?
-337330
In base 8, what is 36005 - -330105?
366112
In base 2, what is -100011110111100111011001 - 111011?
-100011110111101000010100
In base 12, what is 4 - 1338b544?
-1338b540
In base 8, what is -1415 + 134244?
132627
In base 13, what is -673a850 + -8?
-673a858
In base 2, what is -101100011010 - 101100000100010001?
-101100110000101011
In base 15, what is 3 + -dc3c1b0?
-dc3c1ac
In base 7, what is 1035366 + 154?
1035553
In base 8, what is -14 + 101777534?
101777520
In base 3, what is -11 + -1022101111010000?
-1022101111010011
In base 10, what is 5910 - -301?
6211
In base 13, what is 4 - 12597938?
-12597934
In base 4, what is -1133023311023 - -2?
-1133023311021
In base 14, what is -c1c2b + -38?
-c1c65
In base 12, what is -117847 - -63?
-1177a4
In base 9, what is 3 - 317076288?
-317076285
In base 2, what is 101111010010000 - 1110?
101111010000010
In base 11, what is 4 - 157342?
-157339
In base 8, what is -260376065 - -1?
-260376064
In base 16, what is -6 - -b34d86?
b34d80
In base 13, what is -44c - -b6a?
71b
In base 15, what is 111c + 3aa78?
3bb95
In base 4, what is 2313 - -330132131?
330201110
In base 3, what is 10102 - -22112111110?
22112121212
In base 4, what is -100332123 + -11213?
-101010002
In base 8, what is 4 + 573511065?
573511071
In base 9, what is 2563852 - -353?
2564315
In base 2, what is -11110110001 - -110001101111?
10010111110
In base 10, what is -5 + -7446839?
-7446844
In base 13, what is 1c06c + 4a43?
23ab2
In base 5, what is 2 - 1233033322?
-1233033320
In base 10, what is 87 - 467274?
-467187
In base 2, what is -11101100011100 + -10011110?
-11101110111010
In base 4, what is 310 + -100023122232?
-100023121322
In base 10, what is 0 + -6685148?
-6685148
In base 14, what is c86013 + -5?
c8600c
In base 12, what is 11604 - 26409?
-14a05
In base 15, what is 1cc + -a35b?
-a17e
In base 16, what is -88 + -8f6183?
-8f620b
In base 5, what is 400 + -4001443?
-4001043
In base 4, what is 2200 - -1010032?
1012232
In base 4, what is 2300 + -3213120?
-3210220
In base 14, what is -c366d8d3 - 2?
-c366d8d5
In base 5, what is 2303044 + 303102?
3111201
In base 8, what is -5 + 10265100?
10265073
In base 8, what is -114052 - -227?
-113623
In base 2, what is -11110101111001110 + -110010?
-11110110000000000
In base 16, what is -1 + 2c7daa?
2c7da9
In base 4, what is 2000 + 2222100?
2230100
In base 9, what is 110303 - 3158?
106134
In base 9, what is -55 + 564430?
564364
In base 9, what is -70565 - 141?
-70716
In base 3, what is -1202201200 + 1012021111?
-120110012
In base 9, what is 16 - -7518070?
7518086
In base 4, what is -10003 - 10201202332?
-10201213001
In base 7, what is 114404202 + 12?
114404214
In base 3, what is 1100112 - -2122200?
11000012
In base 15, what is -ec41 - -acc?
-e164
In base 3, what is 2001 - 110100220102?
-110100211101
In base 8, what is 10760643 - 4?
10760637
In base 12, what is -3104 + 7914?
4810
In base 6, what is 2244450 + 41?
2244531
In base 10, what is -1531 + -5992?
-7523
In base 15, what is -5 + 7353bda?
7353bd5
In base 11, what is 10075 - -4349?
14413
In base 14, what is 1d136d94 + 0?
1d136d94
In base 3, what is 1102022001200 + -1002100?
1102020222100
In base 8, what is 277662 - 7?
277653
In base 14, what is -279830 + 19?
-279815
In base 15, what is 1890 - 294?
15eb
In base 9, what is 13005 - 7715?
4180
In base 7, what is 100 + -65606?
-65506
In base 9, what is 525 - 121247?
-120622
In base 2, what is -100001011110100110101 - 110?
-100001011110100111011
In base 9, what is 3015736887 + 3?
3015737001
In base 12, what is -a + -1027781?
-102778b
In base 15, what is -5c261 - -3?
-5c25d
In base 15, what is -241 + -27ab?
-29ec
In base 15, what is -5eb + aa24?
a428
In base 3, what is 12 + -101212102000222?
-101212102000210
In base 7, what is -115542450 + -4?
-115542454
In base 5, what is 10 - -1314300002?
1314300012
In base 13, what is 27215 + a9?
272c1
In base 5, what is 140433000 - -312?
140433312
In base 6, what is -14442 - 1343312?
-1402154
In base 10, what is 0 - 27242075?
-27242075
In base 7, what is -62 + -23660361?
-23660453
In base 15, what is 8613 + bcc?
92e0
In base 15, what is -2682 - ea2a?
-121ac
In base 4, what is -21212031 + 103220?
-21102211
In base 12, what is 11 - 242b40?
-242b2b
In base 9, what is -17 + -135207411?
-135207428
In base 9, what is 4 - 35446507?
-35446503
In base 10, what is -4 + -12222510?
-12222514
In base 7, what is -45152150 - -166?
-45151651
In base 14, what is -2 - -ad43a51?
ad43a4d
In base 7, what is 245 - -66045?
66323
In base 12, what is 12 - -4b7b42?
4b7b54
In base 16, what is 1fa79e - b?
1fa793
In base 10, what is 84277 + -40?
84237
In base 9, what is -2228462003 + -2?
-2228462005
In base 10, what is 198 - -79107?
79305
In base 13, what is 883 + -16a6?
-b23
In base 3, what is -2221111222 + 22211?
-2221012011
In base 16, what is -a7f5 - 21?
-a816
In base 15, what is -1184a7d + 4?
-1184a79
In base 7, what is 31 - -105046415?
105046446
In base 13, what is 123 + -16b51?
-16a2b
In base 11, what is 378511191 - 4?
378511188
In base 14, what is 4730aa57 - -4?
4730aa5b
In base 9, what is -2487054 + -1?
-2487055
In base 16, what is -3 - -d95d22?
d95d1f
In base 8, what is -45 - 255265?
-255332
In base 8, what is -4405 + -122465?
-127072
In base 8, what is 15 + 12227?
12244
In base 7, what is -5251625652 - -2?
-5251625650
In base 2, what is -1001110100 - -1111011101011?
1110001110111
In base 9, what is -5480 + -1040?
-6530
In base 16, what is 17 + 43995?
439ac
In base 14, what is 143ab1dc - 5?
143ab1d7
In base 11, what is -8 - 8264027?
-8264034
In base 16, what is 1ff + 3c1a?
3e19
In base 7, what is -225364102 - 5?
-225364110
In base 3, what is 112 - -1012000220221?
1012000221110
In base 13, what is 41119a + 2?
41119c
In base 7, what is -1653616 - -605?
-1653011
In base 2, what is 1100000100111101 + -1111?
1100000100101110
In base 16, what is 1120b5d + b?
1120b68
In base 6, what is 1045 + 22?
1111
In base 13, what is -c548c5 + 0?
-c548c5
In base 12, what is 379695b + -1?
379695a
In base 9, what is 77164141 + -4?
77164136
In base 2, what is -1